*y, 5*f - 293 = 2*y + 67. What are the prime factors of f?
2, 5, 7
Let w(s) = -25 + 0*s**2 + 0*s**2 + 25*s - s**2 - 22. What are the prime factors of w(22)?
19
Suppose 6290 = 5*o + 2*s, -22*o + 23*o - 1258 = -s. List the prime factors of o.
2, 17, 37
Let l(d) = -84*d - 278. List the prime factors of l(-17).
2, 5, 23
Suppose -6*a + 10*a + 2*l - 4048 = 0, 0 = -2*a + 5*l + 2036. What are the prime factors of a?
1013
Let b be (209 - -1) + -11 + 12. Let i be -138 + -4 + 1 + 3. Let u = i + b. List the prime factors of u.
73
Let t be 35 + (-8)/(0 + 1 + -3). Suppose 5*s = j + 78, 0 = -4*s - j + t + 27. List the prime factors of s.
2
Suppose -4*w + 12 = 2*w. Suppose -4*x + 14 = -w. Suppose 0 = 2*t - 5*n - 44, x*t + n = -n + 64. List the prime factors of t.
17
Suppose 0 = -2*q - o + 538, 3*q - 5*o - 807 = -3*o. List the prime factors of q.
269
Let r(s) = -s**2 - s + 4. Let w be r(-3). Let y be 7*((-16)/(-2) + w). List the prime factors of ((-7)/(-2) - 3)*y.
3, 7
Suppose -h = -869 - 1792. List the prime factors of h.
3, 887
Let t be -2 + 2/((-4)/302*-1). Let z = t - 97. List the prime factors of z.
2, 13
Let f = 128 + -80. What are the prime factors of f?
2, 3
Let s = 2838 - 1003. What are the prime factors of s?
5, 367
Suppose -3*x = -8*x. Suppose -5*o + 28 + 12 = x. What are the prime factors of o?
2
Suppose -8*v + 24406 - 790 = 0. What are the prime factors of v?
2, 3, 41
Let v(p) = -3*p - 5*p - 5 - p. Let r be v(-5). Let f = r + -29. List the prime factors of f.
11
Let c = 224 - -149. Let v = c - 55. What are the prime factors of (-2)/6 + v/9?
5, 7
Let r be 10*22/(-4) - -1. Let y = 102 + r. Let h = y - 26. What are the prime factors of h?
2, 11
Let o(y) = 39*y**2 + 4*y + 10. List the prime factors of o(-2).
2, 79
Let v = 9 - 9. Suppose v = g + g - 6. Suppose -3*f + 18 + 16 = 5*s, g*s = 2*f + 9. List the prime factors of s.
5
List the prime factors of 1648 + 0/((-24)/6) + 7.
5, 331
Let a be ((-6)/10)/((-7)/3115). Suppose -3*c - 3*x + 207 = -a, -3*c = -2*x - 484. Let f = -89 + c. What are the prime factors of f?
71
Suppose 0*t = -2*t + 184. Let a = -99 - -45. Let h = a + t. What are the prime factors of h?
2, 19
Suppose -4*o + z - 125 = -0*o, 96 = -3*o + 3*z. Let j = 72 + o. List the prime factors of j - 1*0/1.
41
Let d(w) = 203*w**3 + 3*w - 2. Let x be d(1). Let s = x + -33. Suppose 2*o + o = s. What are the prime factors of o?
3, 19
Let s = 63 - 21. Let q be ((-16)/20 - -1)*0. Suppose q*d = d - s. What are the prime factors of d?
2, 3, 7
Suppose 3*w + 4 = 10. Let a(r) = 2*r + r**w + 2*r + 12 + r. What are the prime factors of a(-9)?
2, 3
Let i(g) = -g**2 + 4*g - 2. Let p be i(3). Let k = -4 + p. List the prime factors of (k - -1)*18/(-4).
3
Let t(a) = 170*a + 174. List the prime factors of t(11).
2, 7, 73
Let m = -59 + 62. List the prime factors of -5 + m - (67 - -1)*-1.
2, 3, 11
Suppose -h - 2*h = -72. Suppose 6*o + 30 = 5*a + 2*o, 0 = 4*a + 2*o - h. What are the prime factors of a?
2, 3
Let x(g) = 3*g**2 + 8*g - 7. Let n be x(-9). Suppose 3*k = -4*d + 105 + n, -3*d - 3*k = -201. List the prime factors of d.
2, 17
Suppose -3*l - 31 = 3*c + c, 5*l - c = -90. Let r = 52 - l. List the prime factors of r.
3, 23
Let p = 2614 + -1155. What are the prime factors of p?
1459
Let v(p) = 1062*p**3 - 18*p + 17. What are the prime factors of v(1)?
1061
Suppose 14 = 18*g - 7186. What are the prime factors of g?
2, 5
Suppose -8*g + k + 3037 = -4*g, 3*g - 2273 = -4*k. What are the prime factors of g?
3, 11, 23
Suppose 2*y + 1791 = 5*y - h, -y - 4*h + 597 = 0. List the prime factors of y.
3, 199
Suppose -2*n + 4*b - 374 = -2638, b = 2*n - 2273. List the prime factors of n.
2, 569
Suppose 4*j - 3*z - 950 = 1516, -3069 = -5*j - 3*z. List the prime factors of j.
3, 5, 41
Suppose -3*h + 5*w - 220 = 0, -5*h = w - 0*w + 348. Let i = h + 148. List the prime factors of i.
2, 3, 13
Let f(n) = -19*n**3 + 8*n**3 - 3*n**2 + 6*n**3 - n + 2. List the prime factors of f(-2).
2
Let t(d) = 23*d - 16. Let q be t(7). Suppose -q = 4*o + 19. Let i = o + 69. List the prime factors of i.
2, 7
Suppose 0 = -2*h + 4*q - 14, -h - 5*q + 13 = -2*q. Let s(t) = -6*t**2 + 2*t - 1. Let v be s(h). Let o(z) = z**2 + 5*z + 7. List the prime factors of o(v).
7
Let w be (-6)/(1 + 1) + 27. Let z be -1*w/(2 - 0). What are the prime factors of (z/9)/(6/(-63))?
2, 7
List the prime factors of ((-34)/(-68))/(2/12476).
3119
Let w = -33 - -33. Let a(l) = -3*l + 4. What are the prime factors of a(w)?
2
Let x = 1 - 3. Let b be 1/1 + -6*(-4)/2. Let u = x + b. List the prime factors of u.
11
Let c(s) = 2*s + 1. Let q be c(8). Suppose -3*u = -2*w + 4*w - q, -30 = -5*u - 5*w. Suppose h + 4*a - 20 = 14, 4*a + 146 = u*h. List the prime factors of h.
2, 3, 5
Let y(q) = -q**3 + q**2 - q. Let t be y(0). Suppose 2*a + 3*a + k - 17 = t, 3 = -k. List the prime factors of 45/((-4)/(-16)*a).
3, 5
Let i(p) = 291*p + 808. What are the prime factors of i(7)?
5, 569
Suppose -5*j + 47 = -23. Let y = 4 + j. Suppose -4*r = -150 + y. What are the prime factors of r?
3, 11
Let c = -15 + 16. Let o be (70 + 5)/(0 + c). Suppose -16*m + 11*m = -o. List the prime factors of m.
3, 5
Let z(h) = 334*h**3 + 1. Let g be z(1). Suppose -3*d - o + 343 = 0, -g = -3*d - 0*o - 5*o. List the prime factors of d.
5, 23
Let w(f) = -4*f**2 + 1. Let g be w(1). List the prime factors of g/6 - 27/(-6).
2
List the prime factors of (4/(-7) - (-20)/(-14)) + 2105.
3, 701
Let o = 24 + -21. Suppose 81 = o*a - 42. Suppose 8 = -3*u - 1, h - a = -3*u. List the prime factors of h.
2, 5
Let o(q) = -2*q**2 + 3*q - 5*q - 3*q**3 + q + 2 + 5*q**3. List the prime factors of o(3).
5, 7
List the prime factors of -10*(-53)/4*(4 - 0).
2, 5, 53
Let c(d) = d**2 + 2*d - 7. Let y be c(-6). Let g = 49 + y. Suppose g = m + 4. List the prime factors of m.
2, 31
Let f(n) = 26*n**3 - 2 + 13*n - 13*n + 2*n**2. List the prime factors of f(1).
2, 13
Let x be 10*((-18)/4)/3. Let g = 42 + x. What are the prime factors of g?
3
Let x(p) be the second derivative of p**4/12 - p**3/6 + 5*p**2/2 - 14*p. Let y be x(3). Suppose 2*r + 477 = y*r. What are the prime factors of r?
53
Let l(j) = 129*j**3 + 5*j**2 - j + 3. Let t(x) = -65*x**3 - 3*x**2 + x - 2. Let h = -31 + 34. Let q(v) = h*l(v) + 5*t(v). List the prime factors of q(1).
3, 7
Let w = 11 - 4. Let t be (w/2)/(7/70). Suppose 5*z - t = -5*r, -3*r - 3 = z - 0*r. List the prime factors of z.
2, 3
Suppose 0 = 3*b - 6*b - 78. Let h = b - -30. Suppose 4*n + 102 = 3*u + n, 0 = -h*u - 5*n + 100. List the prime factors of u.
2, 3, 5
Suppose 11 + 3 = 7*g. Suppose 7*w - 195 = 4*w + 4*q, -g*q = -2*w + 132. List the prime factors of w.
3, 23
Let i = 19 - 12. Let s(v) be the third derivative of -v**6/120 + v**5/10 + 7*v**4/24 + v**3/2 + 18*v**2. List the prime factors of s(i).
3
Let n be -99*89/(-3) + (1 - -2). Suppose 3*q = -7*q + n. What are the prime factors of q?
2, 3, 7
Suppose -4*x = 7 - 19. Suppose 5*b - 32 = -2*h + 79, -4*b - x*h = -93. What are the prime factors of b?
3, 7
Let b(z) = -18*z**3 + 11*z**2 + 5*z - 20. Let m be b(-9). List the prime factors of 1/(-7) - m/(-77).
181
Suppose r = -2*r - 72. Let t be ((-18)/r)/(1/204). Suppose -3*z = -2*m + 63, -3*m - 2*m + t = -3*z. List the prime factors of m.
2, 3, 5
Suppose 7*z - 11468 = 5346. What are the prime factors of z?
2, 1201
Let i(m) be the third derivative of m**5/30 - 7*m**4/24 + 7*m**3/3 + 6*m**2. What are the prime factors of i(5)?
29
Let w = -431 + 205. Let n = -50 - w. List the prime factors of n.
2, 11
Let h(t) = -42*t + 325. List the prime factors of h(-18).
23, 47
Let k be (-7 + 2)/(3 + -4). Let z = 65 + k. List the prime factors of z.
2, 5, 7
Let j = 297 - 94. What are the prime factors of j?
7, 29
Let g be 1/(2/(-8)) - -4. Suppose 4*l - 3*l - 286 = 0. Suppose -6*w + 50 + l = g. List the prime factors of w.
2, 7
Let j(c) be the first derivative of 3*c**4/8 + 3*c**3/2 - 11*c**2/2 + 13. Let v(f) be the second derivative of j(f). List the prime factors of v(5).
2, 3
Let q = 517 - -7. List the prime factors of q.
2, 131
Suppose -22530 = 296*c - 306*c. What are the prime factors of c?
3, 751
Suppose 0*j + 2*o - 22 = -3*j, 5*o = 5*j + 5. Let w = j + 34. List the prime factors of w.
2, 19
Let n be (35/(-10))/(-7)*-434. Let z = n - -309. What are the prime factors of z?
2, 23
Let x be ((